{"id":1717,"date":"2020-12-07T11:15:14","date_gmt":"2020-12-07T11:15:14","guid":{"rendered":"https:\/\/fidelpass.net\/blog\/?page_id=1717"},"modified":"2020-12-08T08:45:50","modified_gmt":"2020-12-08T08:45:50","slug":"fidelite-association-de-commercants","status":"publish","type":"page","link":"https:\/\/fidelpass.net\/blog\/fidelite-association-de-commercants\/","title":{"rendered":"Multi-commerces"},"content":{"rendered":"\n<div class=\"row\">\n\n\t<div class=\"col-xs-12 col-sm-12 col-md-12 col-lg-12\">\n\t\t<p style=\"background-color:\t#cd262d; direction: ltr; unicode-bidi: embed; word-break: normal; text-align: center;\">\n\t\t\t<span style=\"color: #ffffff; font-size: 16pt; font-weight: bold;\"> \n\t\t\t\t<br \/>\n\t\t\t\tAssociations de commer\u00e7ants, halles, march\u00e9s de plein vent, cha\u00eenes de magasins&#8230;\n\t\t\t\t<br \/> <br \/> \n\t\t\t\tNous pouvons concevoir rapidement votre carte de fid\u00e9lit\u00e9 personnalis\u00e9e,\n\t\t\t\t<br \/><br \/>\n\t\t\t\tgr\u00e2ce \u00e0 notre plate-forme multi-commerces et multi-services, en mode SaaS.\n\t\t\t\t<br \/><br \/>\n\t\t\t<\/span>\n\t\t<\/p>\n\t<\/div>\n\t\n<\/div>\n\n<p><br \/><br \/><\/p>\n\n<div class=\"row v-left\">\n\n\t<div class=\"col-xs-3 col-sm-3 col-md-3 col-lg-3 margin-bloc-bottom\" style=\"text-align: center;\">\n\t\t<img decoding=\"async\" title=\"Carte de fid\u00e9lit\u00e9 FidelPass\" style=\"max-width: 100%;\" src=\"https:\/\/fidelpass.net\/blog\/wp-content\/uploads\/2020\/12\/solution_fidelpass_carte_fidelite.png\" border=\"0\"\/> \n\t<\/div>\n\t\n\t<div class=\"col-xs-9 col-sm-9 col-md-9 col-lg-9\">\n\t\t<p style=\"direction: ltr; unicode-bidi: embed; word-break: normal; text-align: left;\">\n\t\t\t<span style=\"color: #cd262d; font-size: 14pt; font-weight: bold;\"> \n\t\t\t\t<br \/>\n\t\t\t\t&gt;  Attractivit\u00e9 am\u00e9lior\u00e9e par la multiplication des offres. \t\t\t\n\t\t\t\t<br \/>\n\t\t\t\t&gt;  Fr\u00e9quentation des points de vente en hausse.\n\t\t\t\t<br \/> \n\t\t\t\t&gt;  Augmentation des ventes des commerces participants.\n\t\t\t\t<br \/> \n\t\t\t\t&gt;  Ensemble autour d&rsquo;un objectif partag\u00e9.\n\t\t\t<\/span>\n\t\t<\/p>\n\t<\/div>\n\t\n<\/div>\n\n<p><br \/><br \/><\/p>\n\n<div class=\"row v-center\">\n\t\n\t<div class=\"col-xs-6 col-sm-6 col-md-6 col-lg-6 margin-bloc-bottom\" style=\"text-align: center;\">\n\t\t<a title=\"Programme de fidelite sur-mesure\" target=\"_blank\" rel=\"noopener noreferrer\"> \n\t\t\t<img decoding=\"async\" title=\"Programme de fidelite sur-mesure\" style=\"max-width: 100%;\" src=\"https:\/\/fidelpass.net\/blog\/wp-content\/uploads\/2020\/12\/programme_fidelite_fidelpass.png\" border=\"0\"\/> \n\t\t<\/a>\n\t<\/div>\n\t\n\t<div class=\"col-xs-6 col-sm-6 col-md-6 col-lg-6\" style=\"text-align: center;\">\n\t\t<a title=\"Couponing automation (bienvenue, anniversaire, volume d'achats, drive-to-store)\" target=\"_blank\" rel=\"noopener noreferrer\"> \n\t\t\t<img decoding=\"async\" title=\"Couponing automation (bienvenue, anniversaire, volume d'achats, drive-to-store)\" style=\"max-width: 100%;\" src=\"https:\/\/fidelpass.net\/blog\/wp-content\/uploads\/2020\/12\/couponing_fidelpass.png\" border=\"0\"\/> \n\t\t<\/a>\n\t<\/div>\n\t\n<\/div>\n\n<p><br \/><\/p>\n\n<div class=\"row v-center\">\n\t\n\t<div class=\"col-xs-6 col-sm-6 col-md-6 col-lg-6 margin-bloc-bottom\" style=\"text-align: center;\">\n\t\t<a title=\"Un annuaire geolocalise pour trouver rapidement vos points de vente\" target=\"_blank\" rel=\"noopener noreferrer\"> \n\t\t\t<img decoding=\"async\" title=\"Un annuaire geolocalise pour trouver rapidement vos points de vente\" style=\"max-width: 100%;\" src=\"https:\/\/fidelpass.net\/blog\/wp-content\/uploads\/2020\/12\/annuaire_geolocalise_fidelpass.png\" border=\"0\"\/> \n\t\t<\/a>\n\t<\/div>\n\t\n\t<div class=\"col-xs-6 col-sm-6 col-md-6 col-lg-6\" style=\"text-align: center;\">\n\t\t<a title=\"Des cartes cadeaux \u00e0 utiliser dans tout le r\u00e9seau\" target=\"_blank\" rel=\"noopener noreferrer\"> \n\t\t\t<img decoding=\"async\" title=\"Des cartes cadeaux \u00e0 utiliser dans tout le r\u00e9seau\" style=\"max-width: 100%;\" src=\"https:\/\/fidelpass.net\/blog\/wp-content\/uploads\/2020\/12\/cartes_cadeaux_fidelpass-2.png\" border=\"0\"\/>\n\t\t<\/a>\n\t<\/div>\n\t\n<\/div>\n\n<p><br \/><br \/><br \/><br \/><br \/><\/p>\n\n<div class=\"row\">\n\n\t<div class=\"col-xs-12 col-sm-12 col-md-12 col-lg-12\">\n\t\t<p style=\"direction: ltr; unicode-bidi: embed; word-break: normal; text-align: center;\">\n\t\t\t<span style=\"color: #cd262d; font-size: 24pt; font-weight: bold\"> \n\t\t\t\tQuelques r\u00e9f\u00e9rences\n\t\t\t<\/span>\n\t\t<\/p>\n\t<\/div>\n\t\n<\/div>\n\n<p><br \/><\/p>\n\n<div class=\"row v-center\">\n\n\t<div class=\"col-xs-12 col-sm-6 col-md-4 col-lg-4 margin-bloc-bottom\">\n\t\t<div class=\"row\">\n\t\t\t<div class=\"col-xs-12 col-sm-12 col-md-12 col-lg-12\" style=\"text-align: center;\">\n\t\t\t\t<a title=\"Exemple : Carte de fidelite Goldcenter\" target=\"_blank\" href=\"https:\/\/fidelite.goldcenter.re\" rel=\"noopener noreferrer\"> \n\t\t\t\t\t<img decoding=\"async\" title=\"Exemple : Carte de fidelite Goldcenter\" style=\"max-width: 100%;\" src=\"https:\/\/fidelpass.net\/blog\/wp-content\/uploads\/2020\/12\/exemple_Goldcenter-carte_fidelite.png\" border=\"0\"\/> \n\t\t\t\t<\/a>\n\t\t\t<\/div>\n\t\t<\/div>\n\t<\/div>\n\t\n\t<div class=\"col-xs-12 col-sm-6 col-md-4 col-lg-4 margin-bloc-bottom\">\n\t\t<div class=\"row\">\n\t\t\t<div class=\"col-xs-12 col-sm-12 col-md-12 col-lg-12\" style=\"text-align: center;\">\n\t\t\t\t<a title=\"Exemple : Carte de fidelite Coeur de Castres\" target=\"_blank\" href=\"https:\/\/matirelire.coeurdecastres.fr\" rel=\"noopener noreferrer\"> \n\t\t\t\t\t<img decoding=\"async\" title=\"Exemple : Carte de fidelite Coeur de Castres\" style=\"max-width: 100%;\" src=\"https:\/\/fidelpass.net\/blog\/wp-content\/uploads\/2020\/12\/association_commercants_castres_carte_fidelite.png\" border=\"0\"\/> \n\t\t\t\t<\/a>\n\t\t\t<\/div>\n\t\t<\/div>\n\t<\/div>\n\t\n\t<div class=\"col-xs-12 col-sm-6 col-md-4 col-lg-4\">\n\t\t<div class=\"row\">\n\t\t\t<div class=\"col-xs-12 col-sm-12 col-md-12 col-lg-12\" style=\"text-align: center;\">\n\t\t\t\t<a title=\"Pass Avantages pour entreprise, r\u00e9seau, CE\" target=\"_blank\" href=\"https:\/\/www.passclinifutur.net\" rel=\"noopener noreferrer\"> \n\t\t\t\t\t<img decoding=\"async\" title=\"Pass Avantages pour entreprise, r\u00e9seau, CE\" style=\"max-width: 100%;\" src=\"https:\/\/fidelpass.net\/blog\/wp-content\/uploads\/2020\/12\/Pass_Clinifutur_exemple.png\" border=\"0\"\/> \n\t\t\t\t<\/a>\n\t\t\t<\/div>\n\t\t<\/div>\n\t<\/div>\n\t\n<\/div>\n\n<p><br \/><br \/><br \/><\/p>\n\n<div class=\"row v-center\">\n\t\n\t<div class=\"col-xs-12 col-sm-3 col-md-3 col-lg-3 margin-bloc-bottom\" style=\"text-align: center;\">\n\t\t<img decoding=\"async\" title=\"Carte de fidelite FidelPass en PVC, plastique et sur smartphone\" style=\"max-width: 100%;\" src=\"https:\/\/fidelpass.net\/blog\/wp-content\/uploads\/2020\/12\/fidelpass_carte_fidelite_smartcarte.png\" border=\"0\"\/> \n\t<\/div>\n\t\n\t<div class=\"col-xs-12 col-sm-9 col-md-9 col-lg-9\" style=\"text-align: left;\">\n\t\t<img decoding=\"async\" title=\"FidelPass plus de dix ans d expertise en fidelisation\" style=\"max-width: 100%;\" src=\"https:\/\/fidelpass.net\/blog\/wp-content\/uploads\/2020\/12\/fidelpass_expert_en_fidelisation.png\" border=\"0\"\/> \n\t<\/div>\n\t\n<\/div>\n\n<p><br \/><br \/><\/p>\n\n<div class=\"row\">\n\t<div class=\"col-xs-12 col-sm-12 col-md-12 col-lg-12\">\n\t\t<p style=\"direction: ltr; unicode-bidi: embed; word-break: normal; text-align: left;\">\n\t\t\t<span style=\"color: #cd262d; font-size: 24pt; font-weight: bold\">\n\t\t\t\t<br \/> \n\t\t\t\tPlus d&rsquo;informations en nous contactant : <\/span><\/p>\n\t<\/div>\n<\/div>\n\n<p><br \/><\/p>\n\n<div class=\"row v-center\">\n\n\t<div class=\"col-xs-12 col-sm-3 col-md-3 col-lg-3 margin-bloc-bottom\" style=\"text-align: center;\">\n\t\t<a title=\"Descriptif de ce qu'il se passe quand on clique\" target=\"_blank\" rel=\"noopener noreferrer\"> \n\t\t\t<img decoding=\"async\" title=\"Descriptif de l'image\" style=\"max-width: 100%;\" src=\"https:\/\/fidelpass.net\/blog\/wp-content\/uploads\/2020\/12\/fidelpass_information.png\" border=\"0\"\/> \n\t\t<\/a>\n\t<\/div>\n\t\t\n\t<div class=\"col-xs-12 col-sm-9 col-md-9 col-lg-9\">\n\t\t<p style=\"direction: ltr; unicode-bidi: embed; word-break: normal; text-align: left;\">\n\t\t\t<span style=\"color: #000000; font-size: 14pt; font-weight: bold\"> \n\t\t\t\t&gt;  <a title=\"contact par mail\" href=\"mailto:commercial@fidelpass.com\" style=\"color:#000000;\"> commercial@fidelpass.com \n\t\t\t\t<\/a>\n\t\t\t\t<br \/> <br \/> \n\t\t\t\t&gt;  05 61 23 17 53  du lundi au vendredi, de 9h30 \u00e0 12h30 et de 14h \u00e0 18h\n\t\t\t<\/span>\n\t\t<\/p>\n\t<\/div>\n\t\n<\/div>\n\n<p><br \/><br \/><br \/><\/p>\n","protected":false},"excerpt":{"rendered":"<p>Associations de commer\u00e7ants, halles, march\u00e9s de plein vent, cha\u00eenes de magasins&#8230; Nous pouvons concevoir rapidement votre carte de fid\u00e9lit\u00e9 personnalis\u00e9e, gr\u00e2ce \u00e0 notre plate-forme multi-commerces et multi-services, en mode SaaS. &gt; Attractivit\u00e9 am\u00e9lior\u00e9e par la multiplication des offres. &gt; Fr\u00e9quentation des points de vente en hausse. &gt; Augmentation des ventes des commerces participants. &gt; Ensemble [&hellip;]<\/p>\n","protected":false},"author":1,"featured_media":0,"parent":0,"menu_order":0,"comment_status":"closed","ping_status":"closed","template":"","meta":{"site-sidebar-layout":"default","site-content-layout":"","ast-site-content-layout":"","site-content-style":"default","site-sidebar-style":"default","ast-global-header-display":"","ast-banner-title-visibility":"","ast-main-header-display":"","ast-hfb-above-header-display":"","ast-hfb-below-header-display":"","ast-hfb-mobile-header-display":"","site-post-title":"","ast-breadcrumbs-content":"","ast-featured-img":"","footer-sml-layout":"","theme-transparent-header-meta":"","adv-header-id-meta":"","stick-header-meta":"","header-above-stick-meta":"","header-main-stick-meta":"","header-below-stick-meta":"","astra-migrate-meta-layouts":"default","ast-page-background-enabled":"default","ast-page-background-meta":{"desktop":{"background-color":"var(--ast-global-color-4)","background-image":"","background-repeat":"repeat","background-position":"center center","background-size":"auto","background-attachment":"scroll","background-type":"","background-media":"","overlay-type":"","overlay-color":"","overlay-opacity":"","overlay-gradient":""},"tablet":{"background-color":"","background-image":"","background-repeat":"repeat","background-position":"center center","background-size":"auto","background-attachment":"scroll","background-type":"","background-media":"","overlay-type":"","overlay-color":"","overlay-opacity":"","overlay-gradient":""},"mobile":{"background-color":"","background-image":"","background-repeat":"repeat","background-position":"center center","background-size":"auto","background-attachment":"scroll","background-type":"","background-media":"","overlay-type":"","overlay-color":"","overlay-opacity":"","overlay-gradient":""}},"ast-content-background-meta":{"desktop":{"background-color":"var(--ast-global-color-5)","background-image":"","background-repeat":"repeat","background-position":"center center","background-size":"auto","background-attachment":"scroll","background-type":"","background-media":"","overlay-type":"","overlay-color":"","overlay-opacity":"","overlay-gradient":""},"tablet":{"background-color":"var(--ast-global-color-5)","background-image":"","background-repeat":"repeat","background-position":"center center","background-size":"auto","background-attachment":"scroll","background-type":"","background-media":"","overlay-type":"","overlay-color":"","overlay-opacity":"","overlay-gradient":""},"mobile":{"background-color":"var(--ast-global-color-5)","background-image":"","background-repeat":"repeat","background-position":"center center","background-size":"auto","background-attachment":"scroll","background-type":"","background-media":"","overlay-type":"","overlay-color":"","overlay-opacity":"","overlay-gradient":""}},"footnotes":""},"class_list":["post-1717","page","type-page","status-publish","hentry"],"_links":{"self":[{"href":"https:\/\/fidelpass.net\/blog\/wp-json\/wp\/v2\/pages\/1717","targetHints":{"allow":["GET"]}}],"collection":[{"href":"https:\/\/fidelpass.net\/blog\/wp-json\/wp\/v2\/pages"}],"about":[{"href":"https:\/\/fidelpass.net\/blog\/wp-json\/wp\/v2\/types\/page"}],"author":[{"embeddable":true,"href":"https:\/\/fidelpass.net\/blog\/wp-json\/wp\/v2\/users\/1"}],"replies":[{"embeddable":true,"href":"https:\/\/fidelpass.net\/blog\/wp-json\/wp\/v2\/comments?post=1717"}],"version-history":[{"count":12,"href":"https:\/\/fidelpass.net\/blog\/wp-json\/wp\/v2\/pages\/1717\/revisions"}],"predecessor-version":[{"id":1751,"href":"https:\/\/fidelpass.net\/blog\/wp-json\/wp\/v2\/pages\/1717\/revisions\/1751"}],"wp:attachment":[{"href":"https:\/\/fidelpass.net\/blog\/wp-json\/wp\/v2\/media?parent=1717"}],"curies":[{"name":"wp","href":"https:\/\/api.w.org\/{rel}","templated":true}]}}