{"id":1752,"date":"2020-12-08T09:05:53","date_gmt":"2020-12-08T09:05:53","guid":{"rendered":"https:\/\/fidelpass.net\/blog\/?page_id=1752"},"modified":"2020-12-10T10:43:12","modified_gmt":"2020-12-10T10:43:12","slug":"nos-clients","status":"publish","type":"page","link":"https:\/\/fidelpass.net\/blog\/nos-clients\/","title":{"rendered":"Nos clients"},"content":{"rendered":"\n<p><strong>Associations de commer\u00e7ants, halles, march\u00e9s de plein vent, cha\u00eenes de magasins\u2026<\/strong><\/p>\n\n\n\n<p>Cavistes, Fromageries, Boucheries, Boulangeries,  Epiceries fines,  Epiceries bio, Sup\u00e9rettes ,&#8230;<\/p>\n\n\n\n<p>Restaurants rapide et traditionnels, pizzerias, burgers, cr\u00eaperies, sushis, fast-food,&#8230;<\/p>\n\n\n\n<p>Fleuristes,  Bijouteries, Boutiques de v\u00eatements et accessoires,  Drogueries,&#8230;<\/p>\n\n\n\n<p>Centres esth\u00e9tiques, Instituts de Beaut\u00e9, Coiffeurs,&#8230;<\/p>\n","protected":false},"excerpt":{"rendered":"<p>Associations de commer\u00e7ants, halles, march\u00e9s de plein vent, cha\u00eenes de magasins\u2026 Cavistes, Fromageries, Boucheries, Boulangeries, Epiceries fines, Epiceries bio, Sup\u00e9rettes ,&#8230; Restaurants rapide et traditionnels, pizzerias, burgers, cr\u00eaperies, sushis, fast-food,&#8230; Fleuristes, Bijouteries, Boutiques de v\u00eatements et accessoires, Drogueries,&#8230; Centres esth\u00e9tiques, Instituts de Beaut\u00e9, Coiffeurs,&#8230;<\/p>\n","protected":false},"author":1,"featured_media":0,"parent":0,"menu_order":0,"comment_status":"closed","ping_status":"closed","template":"","meta":{"site-sidebar-layout":"default","site-content-layout":"","ast-site-content-layout":"","site-content-style":"default","site-sidebar-style":"default","ast-global-header-display":"","ast-banner-title-visibility":"","ast-main-header-display":"","ast-hfb-above-header-display":"","ast-hfb-below-header-display":"","ast-hfb-mobile-header-display":"","site-post-title":"","ast-breadcrumbs-content":"","ast-featured-img":"","footer-sml-layout":"","theme-transparent-header-meta":"","adv-header-id-meta":"","stick-header-meta":"","header-above-stick-meta":"","header-main-stick-meta":"","header-below-stick-meta":"","astra-migrate-meta-layouts":"default","ast-page-background-enabled":"default","ast-page-background-meta":{"desktop":{"background-color":"var(--ast-global-color-4)","background-image":"","background-repeat":"repeat","background-position":"center center","background-size":"auto","background-attachment":"scroll","background-type":"","background-media":"","overlay-type":"","overlay-color":"","overlay-opacity":"","overlay-gradient":""},"tablet":{"background-color":"","background-image":"","background-repeat":"repeat","background-position":"center center","background-size":"auto","background-attachment":"scroll","background-type":"","background-media":"","overlay-type":"","overlay-color":"","overlay-opacity":"","overlay-gradient":""},"mobile":{"background-color":"","background-image":"","background-repeat":"repeat","background-position":"center center","background-size":"auto","background-attachment":"scroll","background-type":"","background-media":"","overlay-type":"","overlay-color":"","overlay-opacity":"","overlay-gradient":""}},"ast-content-background-meta":{"desktop":{"background-color":"var(--ast-global-color-5)","background-image":"","background-repeat":"repeat","background-position":"center center","background-size":"auto","background-attachment":"scroll","background-type":"","background-media":"","overlay-type":"","overlay-color":"","overlay-opacity":"","overlay-gradient":""},"tablet":{"background-color":"var(--ast-global-color-5)","background-image":"","background-repeat":"repeat","background-position":"center center","background-size":"auto","background-attachment":"scroll","background-type":"","background-media":"","overlay-type":"","overlay-color":"","overlay-opacity":"","overlay-gradient":""},"mobile":{"background-color":"var(--ast-global-color-5)","background-image":"","background-repeat":"repeat","background-position":"center center","background-size":"auto","background-attachment":"scroll","background-type":"","background-media":"","overlay-type":"","overlay-color":"","overlay-opacity":"","overlay-gradient":""}},"footnotes":""},"class_list":["post-1752","page","type-page","status-publish","hentry"],"_links":{"self":[{"href":"https:\/\/fidelpass.net\/blog\/wp-json\/wp\/v2\/pages\/1752","targetHints":{"allow":["GET"]}}],"collection":[{"href":"https:\/\/fidelpass.net\/blog\/wp-json\/wp\/v2\/pages"}],"about":[{"href":"https:\/\/fidelpass.net\/blog\/wp-json\/wp\/v2\/types\/page"}],"author":[{"embeddable":true,"href":"https:\/\/fidelpass.net\/blog\/wp-json\/wp\/v2\/users\/1"}],"replies":[{"embeddable":true,"href":"https:\/\/fidelpass.net\/blog\/wp-json\/wp\/v2\/comments?post=1752"}],"version-history":[{"count":9,"href":"https:\/\/fidelpass.net\/blog\/wp-json\/wp\/v2\/pages\/1752\/revisions"}],"predecessor-version":[{"id":1790,"href":"https:\/\/fidelpass.net\/blog\/wp-json\/wp\/v2\/pages\/1752\/revisions\/1790"}],"wp:attachment":[{"href":"https:\/\/fidelpass.net\/blog\/wp-json\/wp\/v2\/media?parent=1752"}],"curies":[{"name":"wp","href":"https:\/\/api.w.org\/{rel}","templated":true}]}}